q) = q**2 - 8*q - 10 + 3 - 2. Give w(a).
-9
Let q(r) = -r - 7. Let a be q(-21). Suppose 5*t = -a + 104. Suppose 7*p = -2*p + t. Let y(v) = -v**3 + v**2 + 2*v - 3. What is y(p)?
-3
Let r(m) = 15*m**2 - 759*m - 276. Let b(y) = 3*y**2 - 151*y - 55. Let n(q) = -11*b(q) + 2*r(q). Calculate n(48).
5
Let h be 3/(-6) - (-2)/4. Suppose h = 13*o + 63 + 15. Let q(g) = -g**2 - 6*g + 8. Give q(o).
8
Let f(z) be the first derivative of 5*z**2 - 114*z - 4504. Calculate f(12).
6
Let d(v) be the third derivative of 0 - 1/12*v**4 + 1/15*v**5 + 1/6*v**3 + 0*v - 40*v**2. Suppose 0 = 3*x + 9, 17 = -2*b - 5*x - 2. Calculate d(b).
21
Let l(a) = -a**3 + a**2 - a - 1. Let d be -16 + (10 - (-6 + 5)). Let u(z) = -4*z**3 + 5*z**2 - 5*z + 8. Let r = 1 - 0. Let f(i) = d*l(i) + r*u(i). What is f(0)?
13
Let q(z) = -22*z + 266. Let f = -35327 + 35339. What is q(f)?
2
Let g(f) = 2*f**3 + 31*f**2 + 21*f + 101. Let s be g(-15). Let d(y) = -y**3 + 19*y**2 - 90*y + 22. Give d(s).
0
Let s(u) = -11*u + 14. Let v = -162 - -166. Determine s(v).
-30
Let w(j) = -5*j + 2. Let y(n) = -39 - 8*n - 3*n + 4*n. Let k be y(-6). Determine w(k).
-13
Let a(w) be the third derivative of -w**6/120 + 4*w**5/15 - 29*w**4/24 - 2*w**3/3 - 2*w**2 + 76*w. Determine a(14).
-18
Let y(m) = m**3 - m**2 + 6*m - 2. Let v(i) = -2*i**3 + i + 7587*i**2 + 3*i**3 - 7585*i**2. Let u(q) = 2*v(q) - y(q). Let a be (-5 - 1)/(0 - -1). Give u(a).
-10
Let z(x) = 3 - 3 + 2 - 6 + x. Let u be z(6). Let v(d) = -7*d**2 + 3*d + 706 - 708 + 9*d**2. Determine v(u).
12
Let f(i) = 10 + 11 - 15*i + 2 + 19*i - 10. Calculate f(7).
41
Let o(t) = -312*t + 123*t + 177*t + t**3 + 20. Give o(-4).
4
Let u be 5982/11 - (-2)/11. Suppose -20*p + 12*p = -u. Let j(m) = -32*m**2 + p*m**2 - 37*m**2 + 19 - m + m**3. Give j(0).
19
Let g(n) = n - 7. Let b be 384/224 + (-4)/(-14). Let r(a) = a - 8. Let y(o) = b*r(o) - 3*g(o). Determine y(6).
-1
Suppose 0 = 4*d - 0 - 8. Let c(w) = -47*w**3 - 26*w**2 - w - 2. Let q(b) = -6*b**3 - 3*b**2. Let y(v) = -c(v) + 8*q(v). What is y(d)?
4
Let p(k) = -2*k - k**2 - 2 - 1 + 4. Let g = 43621 - 43628. Determine p(g).
-34
Let o(s) = s**3 + 27*s**2 + 49*s + 602. Let b be o(-26). Let g(v) = 2 - 6*v - 6 + 3 + v**2 + 6. Calculate g(b).
-3
Let k(h) = -33*h**3 + 79*h - 25*h - 10*h**2 - 30*h + 34*h**3 - 28*h + 107. Calculate k(8).
-53
Suppose 3*l + 2 = -5*x + 17, 0 = -2*x + 3*l + 6. Let n(t) = -83*t**2 - 13*t + 11. Let r(q) = 33*q**2 + 6*q - 5. Let z(h) = 2*n(h) + 5*r(h). Calculate z(x).
0
Let w(u) = -14*u - 273. Let s be w(-20). Let v(k) = -7*k + 22. Calculate v(s).
-27
Let x(r) = 5*r - 34. Let h(b) = -387*b + 2714. Let v be h(7). Give x(v).
-9
Suppose -l = -4*j - 13, -14*l = -5*j - 11*l - 11. Let r(k) = k**2 + 6*k + 11. Calculate r(j).
3
Let k(z) = 18*z + 8 - 17*z + 1. Suppose 0*r + 2*r = 0. Let o be (r*(-4)/16)/2. What is k(o)?
9
Let j(q) be the first derivative of 10*q**2 - 129*q + 3008. Calculate j(7).
11
Let f(r) = -57*r**3 - 54*r**2 + 74*r - 39. Let v(w) = 20*w**3 + 18*w**2 - 25*w + 14. Let b(d) = -6*f(d) - 17*v(d). Give b(-10).
-14
Suppose 0*z = 5*z + 40. Let t(a) = a**3 + 8*a**2 - 3*a - 2. Let u be t(z). Let j = u + -18. Let v(d) = -3*d + 4. Calculate v(j).
-8
Let v(q) = 22*q**3 - 3*q**2 + 4*q - 1. Let b(a) = -103*a**3 + 16*a**2 - 19*a + 6. Let h(g) = 3*b(g) + 14*v(g). Give h(5).
24
Let w(x) be the second derivative of -x**4/3 + x**3/3 + 7*x**2/2 - 605*x - 2. Give w(-5).
-103
Suppose 0 = 40*f + 96*f. Let s(n) be the third derivative of -2/3*n**3 + 1/60*n**5 + 0 + f*n + n**2 + 1/24*n**4. What is s(0)?
-4
Let s(v) be the first derivative of -v**6/120 + v**5/12 - v**4/4 - v**3/2 + 29*v**2/2 + 2*v - 32. Let l(z) be the second derivative of s(z). Give l(5).
-33
Suppose 0 = -3*h + 3*d - 36, 5*d = 2*h - 0*d + 39. Let s(g) = -7 - 189*g + 0 + 190*g. Give s(h).
-14
Suppose 3*p = r + 38, 3*p + r = p + 17. Let z(k) = 10*k + k**3 + p*k**2 - 2*k**2 - 3 + 7. Let q(a) = 6*a**2 - 76*a + 40. Let w be q(12). What is z(w)?
-12
Let j(a) = -2*a**2 + 2*a - 2. Let c = 77 + -41. Let h be (16/(-3) + 5)/((-2)/c). Let x be (h/(-10))/((-3)/15). Calculate j(x).
-14
Let t(s) be the third derivative of -s**4/24 - 3*s**3/2 - 76*s**2 + 10. Determine t(2).
-11
Let k be (-46)/(-4) - 2/4. Let h(n) = -5*n + 0*n - k + 10 + 3*n. Give h(-7).
13
Let n(i) = 3*i**2 + 9*i - 2. Let c be 9 + (3 - 17) + 1. Determine n(c).
10
Let q(h) = -h**2 + 12*h - 19. Suppose -v = 2, -2*n + 13*v - 15*v + 10 = 0. Give q(n).
16
Let m(d) = d**3 + 15*d**2 + 6*d + 91. Suppose 3*k + 5*j + 266 = 191, -4*j - 54 = 2*k. Calculate m(k).
1
Let c(g) = -57*g + 3. Let l(t) = 90*t + 52. Let f(h) = -2*c(h) - l(h). Determine f(7).
110
Suppose -4*z = 5*s - 25, 5*z + 4*s - 6*s - 23 = 0. Let w(q) be the second derivative of q**3/6 - 6*q**2 - 12594*q. Calculate w(z).
-7
Let d = -32 - -38. Let g = d - 4. Let f(v) = -1 + 4*v**2 + 3 + v - 2*v - 3*v**g. What is f(2)?
4
Suppose -t - 175 = t + a, -4*a + 190 = -2*t. Let i = t + 78. Let w(d) = 3*d + 8. Calculate w(i).
-25
Let b(v) = -v - 3. Let n be b(-9). Suppose n*r - 10*r + 5 = w, 0 = 3*r - 6. Let l(x) = x**2 + 3*x - 3. Give l(w).
-3
Let z(p) = 2*p**2 + 44*p - 78. Let v be z(-24). Let w be 6/14 - v/42. Let f(a) = a**3 + a**2 + 4. Determine f(w).
4
Let k(r) = 0*r + 144 - 11*r - 390 + 129 + 135. What is k(2)?
-4
Suppose -5*f - 9 = 3*a, a - 4*f = -26 + 6. Let i(o) = o**2 + 7*o - 2. Calculate i(a).
6
Let t = -38807 + 38824. Let q(k) = -k**3 + 18*k**2 - 25*k + 25. What is q(t)?
-111
Let o(t) be the second derivative of -t**3 + 1/20*t**5 + 7*t**2 - 1/4*t**4 - 1 + 57*t. Determine o(4).
6
Let v(u) = -u**2 + 0*u + 1 + 2*u + 1. Let l be 6/(-11) - 98/231*-6. Suppose -11 = -l*h + 3*d, 5*d = 4*h - 11 - 6. Calculate v(h).
-6
Let h(o) = -6*o - 19. Suppose 306 - 2391 = 454*v + 185. Determine h(v).
11
Let x(y) be the second derivative of -1/20*y**5 - 2/3*y**4 - 5/3*y**3 - 3*y + 11 - 2*y**2. What is x(-7)?
17
Let k(i) = -3*i - 5. Let u(b) = -4*b**3 - 10*b**2 + 8*b + 3. Let p(n) = -3*n**3 + 3*n - 3. Let y be p(1). Let a be u(y). Calculate k(a).
4
Let f(x) = -208*x + 62. Let c(m) = 333*m - 93. Let g(l) = -5*c(l) - 8*f(l). Give g(-21).
-10
Let c(r) = -4*r + 22. Let h(p) = -98*p - 12938. Let x be h(-132). What is c(x)?
30
Suppose 5511*j - 100 = 5501*j. Let h(l) = -l**2 + 10*l - 13. What is h(j)?
-13
Let i(c) = 22*c - 1055. Suppose 1248 = -2147*t + 2173*t. What is i(t)?
1
Let l(s) = s + 1. Let a(o) = -7*o - 7. Let k(r) = -a(r) - 6*l(r). Let c(g) = 3*g**2 + 15*g. Let t be c(-5). Suppose 4*p + t*p = -40. What is k(p)?
-9
Let y = -10 - -15. Suppose -2*o + 11 - y = 0. Let s(b) be the second derivative of -2*b**3/3 + 2*b**2 + 12757*b. Determine s(o).
-8
Let c(o) = -206062*o + 29 - 20 + 206054*o - 17. What is c(-7)?
48
Let d(w) = -w**2 - 10*w + 3. Let o = 3418 - 3430. Give d(o).
-21
Let s(w) = -w**3 + 13*w**2 + w - 9. Suppose 9*p - 74 - 43 = 0. Let f be s(p). Suppose -v = 4*v + f*b - 13, -5*b = 3*v. Let r(l) = 2*l. Calculate r(v).
10
Let l(s) be the first derivative of -2*s**2 + 8*s + 2. Let u(h) = -6*h + 12. Let r(a) = 8*l(a) - 5*u(a). Let t be (-2)/12 - (-629)/102. Calculate r(t).
-8
Let u(j) = -203*j**3 - 3*j**2 - 3*j - 2. Let s be u(-1). Let g(t) = 2*t**2 + 7 - 3*t**2 - 210*t + s*t. Give g(-10).
-3
Let q be 20/105*-1 + (-4920)/630. Suppose -28 = -5*k + 2*u, 2*u + 6 = -2. Let d(z) = 1 - 2 + z + k. Determine d(q).
-5
Let m(f) = -f**3 - 5*f**2 - f + 3. Let k be m(-5). Let v(c) = -35*c**2 + 3. Let s(i) = 12*i**2 + 64 - 21 - 26 - 18. Let g(x) = k*s(x) + 3*v(x). Determine g(1).
-8
Let z(q) = 19*q - 182. Let d be z(11). Suppose -18*m + 405 = d*m. Let n(o) = -o**2 + 5*o + 9. Determine n(m).
-27
Suppose -5*b + 7 = m, 59 - 45 = 2*m. Let j(c) be the third derivative of 5/24*c**4 - 22*c**2 + 0*c**3 + b + 0*c. Determine j(-1).
-5
Let l(h) = h**3 - 15*h**2 + 16*h - 8. Suppose 140 = 42*i - 32*i. Give l(i).
20
Let b(n) = -6 + 20 + n**3 + 44*n + 20*n - 69*n - 3*n**2 - n**2. What is b(6)?
56
Suppose -30 = 5*x, -1041*x + 402 = 7*w - 1045*x. Let c(d) = 8*d - 425. Give c(w).
7
Let i = 187 - 183. Let c(s) = -s**3 - 10*s**2 - 10*s - 1. Let a be c(-9). Let h(d) = d + 6*d - a*d. Determine h(i).
-4
Let o(h) = -7*h**2 - 8*h**2 + 42 - h**3 + 1150497*h - 1150462*h. Calculate o(-17).
25
Let s(l) = 6*l**2 + 7*l - 38. Let h(y) = -7*y**2 - 7*y + 42. Let v(o) = 5*h(o) + 6*s(o). Give v(-11).
26
Let u(o) = 25*